mmon factor of 5082 and 21912?
66
What is the greatest common divisor of 1920 and 2000?
80
Calculate the greatest common factor of 1572 and 36420.
12
What is the highest common factor of 196297 and 511?
73
What is the highest common divisor of 282132 and 5814?
306
What is the greatest common divisor of 1254 and 61161?
57
What is the greatest common divisor of 119 and 108549?
7
What is the highest common divisor of 44 and 105369?
11
What is the highest common divisor of 917526 and 37?
37
What is the greatest common factor of 2144 and 2464?
32
What is the highest common divisor of 142076 and 22?
22
Calculate the highest common factor of 24 and 1648560.
24
What is the highest common divisor of 36 and 87288?
12
Calculate the highest common factor of 137688 and 6.
6
What is the greatest common factor of 1080 and 1419930?
270
Calculate the greatest common factor of 429365 and 1580.
395
What is the greatest common factor of 11125 and 21805?
445
Calculate the greatest common divisor of 73129 and 20557.
337
What is the greatest common divisor of 15 and 8384205?
15
Calculate the greatest common divisor of 395 and 48901.
79
Calculate the greatest common divisor of 658 and 106267.
329
Calculate the highest common factor of 2040 and 16980.
60
What is the highest common divisor of 33 and 87417?
33
What is the greatest common divisor of 13 and 192?
1
Calculate the highest common factor of 190 and 4552.
2
What is the greatest common divisor of 2704 and 28912?
208
Calculate the greatest common factor of 729 and 30402.
27
What is the highest common factor of 10 and 59670?
10
Calculate the greatest common factor of 81827 and 47.
47
Calculate the highest common divisor of 204694 and 70.
14
What is the greatest common factor of 16970 and 50?
10
Calculate the greatest common divisor of 258 and 376508.
86
Calculate the greatest common factor of 28525390 and 890.
890
Calculate the highest common factor of 1344 and 147648.
192
Calculate the greatest common factor of 18 and 906966.
18
Calculate the greatest common divisor of 576067 and 449.
449
What is the highest common factor of 1260 and 415620?
180
What is the greatest common factor of 2412020 and 260?
260
Calculate the highest common divisor of 444 and 2368.
148
Calculate the highest common divisor of 3441 and 3219.
111
Calculate the highest common factor of 128 and 39104.
64
What is the highest common divisor of 89400 and 280?
40
What is the highest common divisor of 1172744 and 47?
47
Calculate the greatest common factor of 4803 and 4.
1
What is the highest common factor of 560522 and 94?
94
Calculate the highest common factor of 3531568 and 304.
304
What is the greatest common factor of 762 and 193802?
254
What is the greatest common factor of 363 and 1508749?
121
Calculate the greatest common divisor of 46 and 316549.
23
What is the greatest common divisor of 552 and 23688?
24
What is the greatest common divisor of 1079 and 949?
13
What is the highest common divisor of 235 and 251168?
47
What is the greatest common divisor of 10101 and 128583?
273
Calculate the greatest common divisor of 65096 and 395.
79
Calculate the greatest common divisor of 391211 and 2509.
193
What is the greatest common divisor of 22420 and 885?
295
What is the greatest common factor of 21 and 13930?
7
Calculate the highest common factor of 2297265 and 105.
15
Calculate the greatest common divisor of 213 and 1675671.
213
Calculate the greatest common factor of 29 and 1787.
1
What is the greatest common factor of 3 and 32397?
3
What is the highest common factor of 357 and 6290?
17
What is the highest common factor of 229158 and 522?
522
Calculate the greatest common divisor of 55 and 629431.
11
Calculate the greatest common divisor of 15 and 371715.
15
Calculate the highest common divisor of 1190 and 1737995.
595
What is the highest common divisor of 16071 and 33?
33
Calculate the highest common factor of 36 and 74352.
12
What is the greatest common factor of 1633758 and 294?
294
Calculate the greatest common divisor of 892114 and 167.
167
Calculate the highest common factor of 6 and 5070.
6
Calculate the greatest common factor of 57 and 102657.
57
Calculate the highest common divisor of 936 and 1768.
104
Calculate the highest common factor of 4057470 and 90.
90
What is the greatest common factor of 8208 and 38208?
48
What is the highest common divisor of 325 and 181950?
25
Calculate the greatest common factor of 14 and 265279.
7
Calculate the greatest common divisor of 99067 and 1262.
631
What is the highest common divisor of 112344 and 41374?
302
What is the highest common divisor of 5 and 3053?
1
What is the greatest common divisor of 1844351 and 633?
211
Calculate the greatest common factor of 2431 and 6171.
187
Calculate the highest common divisor of 442988 and 728.
364
Calculate the highest common divisor of 2444 and 52499.
47
Calculate the highest common factor of 731512 and 40.
8
Calculate the greatest common divisor of 90029 and 8274.
197
Calculate the highest common factor of 3703 and 105271.
529
Calculate the highest common divisor of 585777 and 12.
3
Calculate the highest common divisor of 17500 and 42.
14
What is the highest common divisor of 296861 and 23?
23
What is the highest common factor of 36 and 233316?
36
Calculate the highest common divisor of 13572 and 111852.
468
What is the greatest common divisor of 5032 and 468520?
136
Calculate the highest common divisor of 786 and 528978.
786
Calculate the highest common factor of 684 and 4099554.
342
Calculate the greatest common divisor of 878142 and 38.
38
What is the highest common factor of 271 and 91327?
271
What is the greatest common factor of 22 and 189541?
11
What is the greatest common divisor of 13 and 39338?
13
Calculate the highest common factor of 4656 and 316026.
582
Calculate the greatest common factor of 27030 and 5355.
255
What is the highest common divisor of 135568 and 36112?
592
Calculate the highest common factor of 15012 and 180.
36
Calculate the greatest common divisor of 51652 and 296.
148
Calculate the highest common factor of 11229 and 116427.
591
What is the highest common factor of 5467 and 143?
11
Calculate the greatest common divisor of 160 and 58528.
32
Calculate the highest common factor of 450 and 202644.
18
Calculate the highest common factor of 49691 and 395.
79
What is the highest common divisor of 35 and 2066855?
35
Calculate the greatest common factor of 8050 and 105.
35
Calculate the highest common factor of 12 and 733188.
12
What is the highest common factor of 51332 and 656?
164
Calculate the greatest common divisor of 7581 and 137541.
1083
Calculate the highest common divisor of 28175 and 207.
23
What is the greatest common divisor of 38597 and 39?
13
Calculate the greatest common factor of 160 and 424740.
20
What is the highest common factor of 138165 and 15?
15
What is the highest common divisor of 36 and 2118618?
18
What is the greatest common factor of 464929 and 453?
151
Calculate the highest common divisor of 247602 and 54.
6
Calculate the greatest common factor of 328947 and 4408.
551
What is the greatest common factor of 49862 and 932?
466
Calculate the greatest common factor of 38 and 25274.
2
Calculate the highest common divisor of 101130 and 38.
2
Calculate the highest common factor of 1060 and 124232.
212
What is the highest common factor of 367931 and 102?
17
What is the greatest common divisor of 1036 and 364?
28
What is the highest common divisor of 1106 and 14694?
158
What is the highest common factor of 1941970 and 20?
10
Calculate the highest common divisor of 1624812 and 161.
161
Calculate the highest common factor of 2720 and 25400.
40
Calculate the highest common factor of 1337177 and 829.
829
Calculate the highest common divisor of 245448 and 216.
72
Calculate the highest common divisor of 72 and 9564.
12
What is the highest common divisor of 136 and 93704?
136
Calculate the highest common factor of 42 and 8226.
6
Calculate the greatest common divisor of 55936 and 285.
19
Calculate the highest common divisor of 18252 and 45.
9
Calculate the greatest common factor of 1487202 and 6.
6
Calculate the greatest common divisor of 9580 and 70.
10
Calculate the greatest common divisor of 2976 and 2472.
24
What is t